{"id":335,"date":"2025-04-14T09:33:15","date_gmt":"2025-04-14T07:33:15","guid":{"rendered":"https:\/\/sofraboutiques.fr\/lens\/?post_type=product&#038;p=335"},"modified":"2025-04-14T09:33:18","modified_gmt":"2025-04-14T07:33:18","slug":"mars-51g","status":"publish","type":"product","link":"https:\/\/sofraboutiques.fr\/lens\/produit\/mars-51g\/","title":{"rendered":"Mars 51g"},"content":{"rendered":"<p>Nutri-Score : E<\/p>\n<p><b>Quantit\u00e9<\/b><span style=\"font-weight: 400;\"> : 51g<\/span><\/p>\n<p><b>Conditionnement<\/b><span style=\"font-weight: 400;\"> : Sachet<\/span><\/p>\n<p><b>Marques<\/b><span style=\"font-weight: 400;\"> : Mars<\/span><\/p>\n<p><b>Ingr\u00e9dients<\/b><span style=\"font-weight: 400;\"> : Sucre, sirop de glucose, lait entier en poudre, beurre de cacao, p\u00e2te de cacao, huile de tournesol, lait \u00e9cr\u00e9m\u00e9 en poudre, lactose, perm\u00e9at de lactos\u00e9rum (lait), cacao maigre, extrait de malt d&rsquo;orge, mati\u00e8re grasse du lait, \u00e9mulsifiant (l\u00e9cithine de soja), sel, blanc d&rsquo;oeuf en poudre, mati\u00e8re grasse de palme, amidon.<\/span><\/p>\n<p><b>Allerg\u00e8nes<\/b><span style=\"font-weight: 400;\"> : \u0152ufs, Gluten, Lait, Soja<\/span><\/p>\n<p><b>Traces<\/b><span style=\"font-weight: 400;\"> : Fruits \u00e0 coque, Arachides<\/span><\/p>\n<p>&nbsp;<\/p>\n<table>\n<tbody>\n<tr>\n<td><b>Tableau nutritionnel<\/b><\/td>\n<td><b>Tel que vendu<\/b><\/p>\n<p><b>pour 100 g \/ 100 ml<\/b><\/td>\n<td><b>Tel que vendu<\/b><\/p>\n<p><b>par portion (1 bar (51 g))<\/b><\/td>\n<\/tr>\n<tr>\n<td><span style=\"font-weight: 400;\">\u00c9nergie<\/span><\/td>\n<td><span style=\"font-weight: 400;\">1 890 kj<\/span><\/p>\n<p><span style=\"font-weight: 400;\">(450 kcal)<\/span><\/td>\n<td><span style=\"font-weight: 400;\">964 kj<\/span><\/p>\n<p><span style=\"font-weight: 400;\">(230 kcal)<\/span><\/td>\n<\/tr>\n<tr>\n<td><span style=\"font-weight: 400;\">Mati\u00e8res grasses<\/span><\/td>\n<td><span style=\"font-weight: 400;\">16,8 g<\/span><\/td>\n<td><span style=\"font-weight: 400;\">8,57 g<\/span><\/td>\n<\/tr>\n<tr>\n<td><span style=\"font-weight: 400;\">Acides gras satur\u00e9s<\/span><\/td>\n<td><span style=\"font-weight: 400;\">8,38 g<\/span><\/td>\n<td><span style=\"font-weight: 400;\">4,27 g<\/span><\/td>\n<\/tr>\n<tr>\n<td><span style=\"font-weight: 400;\">Acides gras monoinsatur\u00e9s<\/span><\/td>\n<td><span style=\"font-weight: 400;\">6,015 g<\/span><\/td>\n<td><span style=\"font-weight: 400;\">3,07 g<\/span><\/td>\n<\/tr>\n<tr>\n<td><span style=\"font-weight: 400;\">Acides gras polyinsatur\u00e9s<\/span><\/td>\n<td><span style=\"font-weight: 400;\">1,152 g<\/span><\/td>\n<td><span style=\"font-weight: 400;\">0,588 g<\/span><\/td>\n<\/tr>\n<tr>\n<td><span style=\"font-weight: 400;\">Acides gras Om\u00e9ga 3<\/span><\/td>\n<td><span style=\"font-weight: 400;\">102 mg<\/span><\/td>\n<td><span style=\"font-weight: 400;\">52 mg<\/span><\/td>\n<\/tr>\n<tr>\n<td><span style=\"font-weight: 400;\">Acides gras Om\u00e9ga 6<\/span><\/td>\n<td><span style=\"font-weight: 400;\">263 mg<\/span><\/td>\n<td><span style=\"font-weight: 400;\">134 mg<\/span><\/td>\n<\/tr>\n<tr>\n<td><span style=\"font-weight: 400;\">Cholest\u00e9rol<\/span><\/td>\n<td><span style=\"font-weight: 400;\">19,251 mg<\/span><\/td>\n<td><span style=\"font-weight: 400;\">9,82 mg<\/span><\/td>\n<\/tr>\n<tr>\n<td><span style=\"font-weight: 400;\">Glucides<\/span><\/td>\n<td><span style=\"font-weight: 400;\">70 g<\/span><\/td>\n<td><span style=\"font-weight: 400;\">35,7 g<\/span><\/td>\n<\/tr>\n<tr>\n<td><span style=\"font-weight: 400;\">Sucres<\/span><\/td>\n<td><span style=\"font-weight: 400;\">61,6 g<\/span><\/td>\n<td><span style=\"font-weight: 400;\">31,4 g<\/span><\/td>\n<\/tr>\n<tr>\n<td><span style=\"font-weight: 400;\">Sucres ajout\u00e9s<\/span><\/td>\n<td><span style=\"font-weight: 400;\">39,264 g<\/span><\/td>\n<td><span style=\"font-weight: 400;\">20 g<\/span><\/td>\n<\/tr>\n<tr>\n<td><span style=\"font-weight: 400;\">Fibres alimentaires<\/span><\/td>\n<td><span style=\"font-weight: 400;\">1,24 g<\/span><\/td>\n<td><span style=\"font-weight: 400;\">0,632 g<\/span><\/td>\n<\/tr>\n<tr>\n<td><span style=\"font-weight: 400;\">Prot\u00e9ines<\/span><\/td>\n<td><span style=\"font-weight: 400;\">4,04 g<\/span><\/td>\n<td><span style=\"font-weight: 400;\">2,06 g<\/span><\/td>\n<\/tr>\n<tr>\n<td><span style=\"font-weight: 400;\">Sel<\/span><\/td>\n<td><span style=\"font-weight: 400;\">0,42 g<\/span><\/td>\n<td><span style=\"font-weight: 400;\">0,214 g<\/span><\/td>\n<\/tr>\n<tr>\n<td><span style=\"font-weight: 400;\">Vitamine A (r\u00e9tinol)<\/span><\/td>\n<td><span style=\"font-weight: 400;\">49,383 \u00b5g<\/span><\/td>\n<td><span style=\"font-weight: 400;\">25,2 \u00b5g<\/span><\/td>\n<\/tr>\n<tr>\n<td><span style=\"font-weight: 400;\">Vitamine E (tocoph\u00e9rol)<\/span><\/td>\n<td><span style=\"font-weight: 400;\">0,427 mg<\/span><\/td>\n<td><span style=\"font-weight: 400;\">0,218 mg<\/span><\/td>\n<\/tr>\n<tr>\n<td><span style=\"font-weight: 400;\">Vitamine K<\/span><\/td>\n<td><span style=\"font-weight: 400;\">4,771 \u00b5g<\/span><\/td>\n<td><span style=\"font-weight: 400;\">2,43 \u00b5g<\/span><\/td>\n<\/tr>\n<tr>\n<td><span style=\"font-weight: 400;\">Vitamine B1 (Thiamine)<\/span><\/td>\n<td><span style=\"font-weight: 400;\">0,094 mg<\/span><\/td>\n<td><span style=\"font-weight: 400;\">0,048 mg<\/span><\/td>\n<\/tr>\n<tr>\n<td><span style=\"font-weight: 400;\">Vitamine B2 (Riboflavine)<\/span><\/td>\n<td><span style=\"font-weight: 400;\">0,249 mg<\/span><\/td>\n<td><span style=\"font-weight: 400;\">0,127 mg<\/span><\/td>\n<\/tr>\n<tr>\n<td><span style=\"font-weight: 400;\">Vitamine B6 (Pyridoxine)<\/span><\/td>\n<td><span style=\"font-weight: 400;\">0,03 mg<\/span><\/td>\n<td><span style=\"font-weight: 400;\">0,015 mg<\/span><\/td>\n<\/tr>\n<tr>\n<td><span style=\"font-weight: 400;\">Vitamine B9 (Acide folique)<\/span><\/td>\n<td><span style=\"font-weight: 400;\">9,207 \u00b5g<\/span><\/td>\n<td><span style=\"font-weight: 400;\">4,7 \u00b5g<\/span><\/td>\n<\/tr>\n<tr>\n<td><span style=\"font-weight: 400;\">Vitamine B12 (cobalamine)<\/span><\/td>\n<td><span style=\"font-weight: 400;\">0,628 \u00b5g<\/span><\/td>\n<td><span style=\"font-weight: 400;\">0,32 \u00b5g<\/span><\/td>\n<\/tr>\n<tr>\n<td><span style=\"font-weight: 400;\">Vitamine B5 (Acide pantoth\u00e9nique)<\/span><\/td>\n<td><span style=\"font-weight: 400;\">0,395 mg<\/span><\/td>\n<td><span style=\"font-weight: 400;\">0,201 mg<\/span><\/td>\n<\/tr>\n<tr>\n<td><span style=\"font-weight: 400;\">Potassium<\/span><\/td>\n<td><span style=\"font-weight: 400;\">311,364 mg<\/span><\/td>\n<td><span style=\"font-weight: 400;\">159 mg<\/span><\/td>\n<\/tr>\n<tr>\n<td><span style=\"font-weight: 400;\">Calcium<\/span><\/td>\n<td><span style=\"font-weight: 400;\">158,193 mg<\/span><\/td>\n<td><span style=\"font-weight: 400;\">80,7 mg<\/span><\/td>\n<\/tr>\n<tr>\n<td><span style=\"font-weight: 400;\">Phosphore<\/span><\/td>\n<td><span style=\"font-weight: 400;\">174,096 mg<\/span><\/td>\n<td><span style=\"font-weight: 400;\">88,8 mg<\/span><\/td>\n<\/tr>\n<tr>\n<td><span style=\"font-weight: 400;\">Fer<\/span><\/td>\n<td><span style=\"font-weight: 400;\">1,967 mg<\/span><\/td>\n<td><span style=\"font-weight: 400;\">1 mg<\/span><\/td>\n<\/tr>\n<tr>\n<td><span style=\"font-weight: 400;\">Magn\u00e9sium<\/span><\/td>\n<td><span style=\"font-weight: 400;\">52,731 mg<\/span><\/td>\n<td><span style=\"font-weight: 400;\">26,9 mg<\/span><\/td>\n<\/tr>\n<tr>\n<td><span style=\"font-weight: 400;\">Zinc<\/span><\/td>\n<td><span style=\"font-weight: 400;\">1,925 mg<\/span><\/td>\n<td><span style=\"font-weight: 400;\">0,982 mg<\/span><\/td>\n<\/tr>\n<tr>\n<td><span style=\"font-weight: 400;\">Cuivre<\/span><\/td>\n<td><span style=\"font-weight: 400;\">0,411 mg<\/span><\/td>\n<td><span style=\"font-weight: 400;\">0,21 mg<\/span><\/td>\n<\/tr>\n<tr>\n<td><span style=\"font-weight: 400;\">Mangan\u00e8se<\/span><\/td>\n<td><span style=\"font-weight: 400;\">0,394 mg<\/span><\/td>\n<td><span style=\"font-weight: 400;\">0,201 mg<\/span><\/td>\n<\/tr>\n<tr>\n<td><span style=\"font-weight: 400;\">S\u00e9l\u00e9nium<\/span><\/td>\n<td><span style=\"font-weight: 400;\">3,767 \u00b5g<\/span><\/td>\n<td><span style=\"font-weight: 400;\">1,92 \u00b5g<\/span><\/td>\n<\/tr>\n<tr>\n<td><span style=\"font-weight: 400;\">Caf\u00e9ine<\/span><\/td>\n<td><span style=\"font-weight: 400;\">16,74 mg<\/span><\/td>\n<td><span style=\"font-weight: 400;\">8,54 mg<\/span><\/td>\n<\/tr>\n<tr>\n<td><span style=\"font-weight: 400;\">Fruits\u201a l\u00e9gumes\u201a noix et huiles de colza\u201a noix et olive (estimation par analyse de la liste des ingr\u00e9dients)<\/span><\/td>\n<td><span style=\"font-weight: 400;\">0 %<\/span><\/td>\n<td><span style=\"font-weight: 400;\">0 %<\/span><\/td>\n<\/tr>\n<\/tbody>\n<\/table>\n","protected":false},"excerpt":{"rendered":"<p>Nutri-Score : E Quantit\u00e9 : 51g Conditionnement : Sachet Marques : Mars Ingr\u00e9dients : Sucre, sirop de glucose, lait entier en poudre, beurre de cacao, p\u00e2te de cacao, huile de tournesol, lait \u00e9cr\u00e9m\u00e9 en poudre, lactose, perm\u00e9at de lactos\u00e9rum (lait), cacao maigre, extrait de malt d&rsquo;orge, mati\u00e8re grasse du lait, \u00e9mulsifiant (l\u00e9cithine de soja), sel,&#8230;<\/p>\n","protected":false},"featured_media":0,"comment_status":"open","ping_status":"closed","template":"","meta":{"_kad_post_transparent":"","_kad_post_title":"","_kad_post_layout":"","_kad_post_sidebar_id":"","_kad_post_content_style":"","_kad_post_vertical_padding":"","_kad_post_feature":"","_kad_post_feature_position":"","_kad_post_header":false,"_kad_post_footer":false,"_kad_post_classname":""},"product_brand":[],"product_cat":[25],"product_tag":[],"class_list":{"0":"post-335","1":"product","2":"type-product","3":"status-publish","5":"product_cat-friandises","7":"first","8":"instock","9":"virtual","10":"purchasable","11":"product-type-simple","12":"entry","13":"content-bg","14":"loop-entry"},"yoast_head":"<!-- This site is optimized with the Yoast SEO plugin v27.3 - https:\/\/yoast.com\/product\/yoast-seo-wordpress\/ -->\n<title>Mars 51g - Sofra-Boutiques Lens<\/title>\n<meta name=\"robots\" content=\"index, follow, max-snippet:-1, max-image-preview:large, max-video-preview:-1\" \/>\n<link rel=\"canonical\" href=\"https:\/\/sofraboutiques.fr\/lens\/produit\/mars-51g\/\" \/>\n<meta property=\"og:locale\" content=\"fr_FR\" \/>\n<meta property=\"og:type\" content=\"article\" \/>\n<meta property=\"og:title\" content=\"Mars 51g - Sofra-Boutiques Lens\" \/>\n<meta property=\"og:description\" content=\"Nutri-Score : E Quantit\u00e9 : 51g Conditionnement : Sachet Marques : Mars Ingr\u00e9dients : Sucre, sirop de glucose, lait entier en poudre, beurre de cacao, p\u00e2te de cacao, huile de tournesol, lait \u00e9cr\u00e9m\u00e9 en poudre, lactose, perm\u00e9at de lactos\u00e9rum (lait), cacao maigre, extrait de malt d&rsquo;orge, mati\u00e8re grasse du lait, \u00e9mulsifiant (l\u00e9cithine de soja), sel,...\" \/>\n<meta property=\"og:url\" content=\"https:\/\/sofraboutiques.fr\/lens\/produit\/mars-51g\/\" \/>\n<meta property=\"og:site_name\" content=\"Sofra-Boutiques Lens\" \/>\n<meta property=\"article:modified_time\" content=\"2025-04-14T07:33:18+00:00\" \/>\n<meta name=\"twitter:card\" content=\"summary_large_image\" \/>\n<meta name=\"twitter:label1\" content=\"Dur\u00e9e de lecture estim\u00e9e\" \/>\n\t<meta name=\"twitter:data1\" content=\"1 minute\" \/>\n<script type=\"application\/ld+json\" class=\"yoast-schema-graph\">{\"@context\":\"https:\\\/\\\/schema.org\",\"@graph\":[{\"@type\":\"WebPage\",\"@id\":\"https:\\\/\\\/sofraboutiques.fr\\\/lens\\\/produit\\\/mars-51g\\\/\",\"url\":\"https:\\\/\\\/sofraboutiques.fr\\\/lens\\\/produit\\\/mars-51g\\\/\",\"name\":\"Mars 51g - Sofra-Boutiques Lens\",\"isPartOf\":{\"@id\":\"https:\\\/\\\/sofraboutiques.fr\\\/lens\\\/#website\"},\"datePublished\":\"2025-04-14T07:33:15+00:00\",\"dateModified\":\"2025-04-14T07:33:18+00:00\",\"breadcrumb\":{\"@id\":\"https:\\\/\\\/sofraboutiques.fr\\\/lens\\\/produit\\\/mars-51g\\\/#breadcrumb\"},\"inLanguage\":\"fr-FR\",\"potentialAction\":[{\"@type\":\"ReadAction\",\"target\":[\"https:\\\/\\\/sofraboutiques.fr\\\/lens\\\/produit\\\/mars-51g\\\/\"]}]},{\"@type\":\"BreadcrumbList\",\"@id\":\"https:\\\/\\\/sofraboutiques.fr\\\/lens\\\/produit\\\/mars-51g\\\/#breadcrumb\",\"itemListElement\":[{\"@type\":\"ListItem\",\"position\":1,\"name\":\"Accueil\",\"item\":\"https:\\\/\\\/sofraboutiques.fr\\\/lens\\\/\"},{\"@type\":\"ListItem\",\"position\":2,\"name\":\"Boutique\",\"item\":\"https:\\\/\\\/sofraboutiques.fr\\\/lens\\\/\"},{\"@type\":\"ListItem\",\"position\":3,\"name\":\"Mars 51g\"}]},{\"@type\":\"WebSite\",\"@id\":\"https:\\\/\\\/sofraboutiques.fr\\\/lens\\\/#website\",\"url\":\"https:\\\/\\\/sofraboutiques.fr\\\/lens\\\/\",\"name\":\"Sofra-Boutiques Lens\",\"description\":\"\",\"publisher\":{\"@id\":\"https:\\\/\\\/sofraboutiques.fr\\\/lens\\\/#organization\"},\"potentialAction\":[{\"@type\":\"SearchAction\",\"target\":{\"@type\":\"EntryPoint\",\"urlTemplate\":\"https:\\\/\\\/sofraboutiques.fr\\\/lens\\\/?s={search_term_string}\"},\"query-input\":{\"@type\":\"PropertyValueSpecification\",\"valueRequired\":true,\"valueName\":\"search_term_string\"}}],\"inLanguage\":\"fr-FR\"},{\"@type\":\"Organization\",\"@id\":\"https:\\\/\\\/sofraboutiques.fr\\\/lens\\\/#organization\",\"name\":\"Sofra-Boutiques Lens\",\"url\":\"https:\\\/\\\/sofraboutiques.fr\\\/lens\\\/\",\"logo\":{\"@type\":\"ImageObject\",\"inLanguage\":\"fr-FR\",\"@id\":\"https:\\\/\\\/sofraboutiques.fr\\\/lens\\\/#\\\/schema\\\/logo\\\/image\\\/\",\"url\":\"https:\\\/\\\/sofraboutiques.fr\\\/lens\\\/wp-content\\\/uploads\\\/sites\\\/4\\\/2025\\\/04\\\/cropped-logo-sofraboutique.png\",\"contentUrl\":\"https:\\\/\\\/sofraboutiques.fr\\\/lens\\\/wp-content\\\/uploads\\\/sites\\\/4\\\/2025\\\/04\\\/cropped-logo-sofraboutique.png\",\"width\":2950,\"height\":1620,\"caption\":\"Sofra-Boutiques Lens\"},\"image\":{\"@id\":\"https:\\\/\\\/sofraboutiques.fr\\\/lens\\\/#\\\/schema\\\/logo\\\/image\\\/\"}}]}<\/script>\n<!-- \/ Yoast SEO plugin. -->","yoast_head_json":{"title":"Mars 51g - Sofra-Boutiques Lens","robots":{"index":"index","follow":"follow","max-snippet":"max-snippet:-1","max-image-preview":"max-image-preview:large","max-video-preview":"max-video-preview:-1"},"canonical":"https:\/\/sofraboutiques.fr\/lens\/produit\/mars-51g\/","og_locale":"fr_FR","og_type":"article","og_title":"Mars 51g - Sofra-Boutiques Lens","og_description":"Nutri-Score : E Quantit\u00e9 : 51g Conditionnement : Sachet Marques : Mars Ingr\u00e9dients : Sucre, sirop de glucose, lait entier en poudre, beurre de cacao, p\u00e2te de cacao, huile de tournesol, lait \u00e9cr\u00e9m\u00e9 en poudre, lactose, perm\u00e9at de lactos\u00e9rum (lait), cacao maigre, extrait de malt d&rsquo;orge, mati\u00e8re grasse du lait, \u00e9mulsifiant (l\u00e9cithine de soja), sel,...","og_url":"https:\/\/sofraboutiques.fr\/lens\/produit\/mars-51g\/","og_site_name":"Sofra-Boutiques Lens","article_modified_time":"2025-04-14T07:33:18+00:00","twitter_card":"summary_large_image","twitter_misc":{"Dur\u00e9e de lecture estim\u00e9e":"1 minute"},"schema":{"@context":"https:\/\/schema.org","@graph":[{"@type":"WebPage","@id":"https:\/\/sofraboutiques.fr\/lens\/produit\/mars-51g\/","url":"https:\/\/sofraboutiques.fr\/lens\/produit\/mars-51g\/","name":"Mars 51g - Sofra-Boutiques Lens","isPartOf":{"@id":"https:\/\/sofraboutiques.fr\/lens\/#website"},"datePublished":"2025-04-14T07:33:15+00:00","dateModified":"2025-04-14T07:33:18+00:00","breadcrumb":{"@id":"https:\/\/sofraboutiques.fr\/lens\/produit\/mars-51g\/#breadcrumb"},"inLanguage":"fr-FR","potentialAction":[{"@type":"ReadAction","target":["https:\/\/sofraboutiques.fr\/lens\/produit\/mars-51g\/"]}]},{"@type":"BreadcrumbList","@id":"https:\/\/sofraboutiques.fr\/lens\/produit\/mars-51g\/#breadcrumb","itemListElement":[{"@type":"ListItem","position":1,"name":"Accueil","item":"https:\/\/sofraboutiques.fr\/lens\/"},{"@type":"ListItem","position":2,"name":"Boutique","item":"https:\/\/sofraboutiques.fr\/lens\/"},{"@type":"ListItem","position":3,"name":"Mars 51g"}]},{"@type":"WebSite","@id":"https:\/\/sofraboutiques.fr\/lens\/#website","url":"https:\/\/sofraboutiques.fr\/lens\/","name":"Sofra-Boutiques Lens","description":"","publisher":{"@id":"https:\/\/sofraboutiques.fr\/lens\/#organization"},"potentialAction":[{"@type":"SearchAction","target":{"@type":"EntryPoint","urlTemplate":"https:\/\/sofraboutiques.fr\/lens\/?s={search_term_string}"},"query-input":{"@type":"PropertyValueSpecification","valueRequired":true,"valueName":"search_term_string"}}],"inLanguage":"fr-FR"},{"@type":"Organization","@id":"https:\/\/sofraboutiques.fr\/lens\/#organization","name":"Sofra-Boutiques Lens","url":"https:\/\/sofraboutiques.fr\/lens\/","logo":{"@type":"ImageObject","inLanguage":"fr-FR","@id":"https:\/\/sofraboutiques.fr\/lens\/#\/schema\/logo\/image\/","url":"https:\/\/sofraboutiques.fr\/lens\/wp-content\/uploads\/sites\/4\/2025\/04\/cropped-logo-sofraboutique.png","contentUrl":"https:\/\/sofraboutiques.fr\/lens\/wp-content\/uploads\/sites\/4\/2025\/04\/cropped-logo-sofraboutique.png","width":2950,"height":1620,"caption":"Sofra-Boutiques Lens"},"image":{"@id":"https:\/\/sofraboutiques.fr\/lens\/#\/schema\/logo\/image\/"}}]}},"_links":{"self":[{"href":"https:\/\/sofraboutiques.fr\/lens\/wp-json\/wp\/v2\/product\/335","targetHints":{"allow":["GET"]}}],"collection":[{"href":"https:\/\/sofraboutiques.fr\/lens\/wp-json\/wp\/v2\/product"}],"about":[{"href":"https:\/\/sofraboutiques.fr\/lens\/wp-json\/wp\/v2\/types\/product"}],"replies":[{"embeddable":true,"href":"https:\/\/sofraboutiques.fr\/lens\/wp-json\/wp\/v2\/comments?post=335"}],"wp:attachment":[{"href":"https:\/\/sofraboutiques.fr\/lens\/wp-json\/wp\/v2\/media?parent=335"}],"wp:term":[{"taxonomy":"product_brand","embeddable":true,"href":"https:\/\/sofraboutiques.fr\/lens\/wp-json\/wp\/v2\/product_brand?post=335"},{"taxonomy":"product_cat","embeddable":true,"href":"https:\/\/sofraboutiques.fr\/lens\/wp-json\/wp\/v2\/product_cat?post=335"},{"taxonomy":"product_tag","embeddable":true,"href":"https:\/\/sofraboutiques.fr\/lens\/wp-json\/wp\/v2\/product_tag?post=335"}],"curies":[{"name":"wp","href":"https:\/\/api.w.org\/{rel}","templated":true}]}}