{"id":362,"date":"2025-04-14T09:33:18","date_gmt":"2025-04-14T07:33:18","guid":{"rendered":"https:\/\/sofraboutiques.fr\/lens\/?post_type=product&#038;p=362"},"modified":"2025-04-14T09:33:22","modified_gmt":"2025-04-14T07:33:22","slug":"tranche-cake-fruits-ker-cadelac","status":"publish","type":"product","link":"https:\/\/sofraboutiques.fr\/lens\/produit\/tranche-cake-fruits-ker-cadelac\/","title":{"rendered":"Tranche Cake Fruits Ker Cadelac"},"content":{"rendered":"<p>Nutri-Score : D<\/p>\n<p><b>Quantit\u00e9<\/b><span style=\"font-weight: 400;\"> : 60g<\/span><\/p>\n<p><b>Conditionnement<\/b><span style=\"font-weight: 400;\"> : Sachet<\/span><\/p>\n<p><b>Marques<\/b><span style=\"font-weight: 400;\"> : Ker Cadelac<\/span><\/p>\n<p><b>Ingr\u00e9dients<\/b><span style=\"font-weight: 400;\"> : Fruits 26,6 % [raisins secs mac\u00e9r\u00e9s 11,1 % (raisins secs 8,3 %, rhum, infusion d&rsquo;\u00e9corces d&rsquo;orange), cerises confites 10,5 % (cerises, sirop de glucose-fructose, sucre, jus concentr\u00e9s de fruits et de v\u00e9g\u00e9taux, correcteur d&rsquo;acidit\u00e9: acide citrique, conservateur: anhydride sulfureux), past\u00e8ques confites 7,8 % (past\u00e8ques, sirop de glucose-fructose, sucre, conservateurs: sorbate de potassium et anhydride sulfureux, correcteur d&rsquo;acidit\u00e9: acide citrique, colorants: carmins)], farine de bl\u00e9, \u0153ufs frais, sucre, huile de colza, stabilisant: glyc\u00e9rol, eau, rhum, amidon modifi\u00e9, \u00e9mulsifiants: mono et diglyc\u00e9rides d&rsquo;acides gras (origine v\u00e9g\u00e9tale), sel, poudres \u00e0 lever: diphosphates et carbonates de sodium, ar\u00f4me, \u00e9paississant: gomme xanthane.<\/span><\/p>\n<p><b>Allerg\u00e8nes<\/b><span style=\"font-weight: 400;\"> : \u0152ufs, Gluten, Anhydride sulfureux et sulfites, Sulfites-et-so2-10 ppm<\/span><\/p>\n<p><b>Traces<\/b><span style=\"font-weight: 400;\"> : Lait, Fruits \u00e0 coque, Graines de s\u00e9same, Soja<\/span><\/p>\n<table>\n<tbody>\n<tr>\n<td><b>Tableau nutritionnel<\/b><\/td>\n<td><b>Tel que vendu<\/b><\/p>\n<p><b>pour 100 g \/ 100 ml<\/b><\/td>\n<td><b>Tel que vendu<\/b><\/p>\n<p><b>par portion (60 g)<\/b><\/td>\n<\/tr>\n<tr>\n<td><span style=\"font-weight: 400;\">\u00c9nergie<\/span><\/td>\n<td><span style=\"font-weight: 400;\">1 678 kj<\/span><\/p>\n<p><span style=\"font-weight: 400;\">(401 kcal)<\/span><\/td>\n<td><span style=\"font-weight: 400;\">1 010 kj<\/span><\/p>\n<p><span style=\"font-weight: 400;\">(241 kcal)<\/span><\/td>\n<\/tr>\n<tr>\n<td><span style=\"font-weight: 400;\">Mati\u00e8res grasses<\/span><\/td>\n<td><span style=\"font-weight: 400;\">15 g<\/span><\/td>\n<td><span style=\"font-weight: 400;\">9 g<\/span><\/td>\n<\/tr>\n<tr>\n<td><span style=\"font-weight: 400;\">Acides gras satur\u00e9s<\/span><\/td>\n<td><span style=\"font-weight: 400;\">1,4 g<\/span><\/td>\n<td><span style=\"font-weight: 400;\">0,84 g<\/span><\/td>\n<\/tr>\n<tr>\n<td><span style=\"font-weight: 400;\">Glucides<\/span><\/td>\n<td><span style=\"font-weight: 400;\">56 g<\/span><\/td>\n<td><span style=\"font-weight: 400;\">33,6 g<\/span><\/td>\n<\/tr>\n<tr>\n<td><span style=\"font-weight: 400;\">Sucres<\/span><\/td>\n<td><span style=\"font-weight: 400;\">29 g<\/span><\/td>\n<td><span style=\"font-weight: 400;\">17,4 g<\/span><\/td>\n<\/tr>\n<tr>\n<td><span style=\"font-weight: 400;\">Fibres alimentaires<\/span><\/td>\n<td><span style=\"font-weight: 400;\">0 g<\/span><\/td>\n<td><span style=\"font-weight: 400;\">0 g<\/span><\/td>\n<\/tr>\n<tr>\n<td><span style=\"font-weight: 400;\">Prot\u00e9ines<\/span><\/td>\n<td><span style=\"font-weight: 400;\">4,8 g<\/span><\/td>\n<td><span style=\"font-weight: 400;\">2,88 g<\/span><\/td>\n<\/tr>\n<tr>\n<td><span style=\"font-weight: 400;\">Sel<\/span><\/td>\n<td><span style=\"font-weight: 400;\">0,83 g<\/span><\/td>\n<td><span style=\"font-weight: 400;\">0,498 g<\/span><\/td>\n<\/tr>\n<tr>\n<td><span style=\"font-weight: 400;\">Fruits\u201a l\u00e9gumes\u201a noix et huiles de colza\u201a noix et olive (estimation manuelle avec la liste des ingr\u00e9dients)<\/span><\/td>\n<td><span style=\"font-weight: 400;\">13 %<\/span><\/td>\n<td><span style=\"font-weight: 400;\">13 %<\/span><\/td>\n<\/tr>\n<\/tbody>\n<\/table>\n","protected":false},"excerpt":{"rendered":"<p>Nutri-Score : D Quantit\u00e9 : 60g Conditionnement : Sachet Marques : Ker Cadelac Ingr\u00e9dients : Fruits 26,6 % [raisins secs mac\u00e9r\u00e9s 11,1 % (raisins secs 8,3 %, rhum, infusion d&rsquo;\u00e9corces d&rsquo;orange), cerises confites 10,5 % (cerises, sirop de glucose-fructose, sucre, jus concentr\u00e9s de fruits et de v\u00e9g\u00e9taux, correcteur d&rsquo;acidit\u00e9: acide citrique, conservateur: anhydride sulfureux), past\u00e8ques&#8230;<\/p>\n","protected":false},"featured_media":0,"comment_status":"open","ping_status":"closed","template":"","meta":{"_kad_post_transparent":"","_kad_post_title":"","_kad_post_layout":"","_kad_post_sidebar_id":"","_kad_post_content_style":"","_kad_post_vertical_padding":"","_kad_post_feature":"","_kad_post_feature_position":"","_kad_post_header":false,"_kad_post_footer":false,"_kad_post_classname":""},"product_brand":[],"product_cat":[25],"product_tag":[],"class_list":{"0":"post-362","1":"product","2":"type-product","3":"status-publish","5":"product_cat-friandises","7":"first","8":"instock","9":"virtual","10":"purchasable","11":"product-type-simple","12":"entry","13":"content-bg","14":"loop-entry"},"yoast_head":"<!-- This site is optimized with the Yoast SEO plugin v27.3 - https:\/\/yoast.com\/product\/yoast-seo-wordpress\/ -->\n<title>Tranche Cake Fruits Ker Cadelac - Sofra-Boutiques Lens<\/title>\n<meta name=\"robots\" content=\"index, follow, max-snippet:-1, max-image-preview:large, max-video-preview:-1\" \/>\n<link rel=\"canonical\" href=\"https:\/\/sofraboutiques.fr\/lens\/produit\/tranche-cake-fruits-ker-cadelac\/\" \/>\n<meta property=\"og:locale\" content=\"fr_FR\" \/>\n<meta property=\"og:type\" content=\"article\" \/>\n<meta property=\"og:title\" content=\"Tranche Cake Fruits Ker Cadelac - Sofra-Boutiques Lens\" \/>\n<meta property=\"og:description\" content=\"Nutri-Score : D Quantit\u00e9 : 60g Conditionnement : Sachet Marques : Ker Cadelac Ingr\u00e9dients : Fruits 26,6 % [raisins secs mac\u00e9r\u00e9s 11,1 % (raisins secs 8,3 %, rhum, infusion d&rsquo;\u00e9corces d&rsquo;orange), cerises confites 10,5 % (cerises, sirop de glucose-fructose, sucre, jus concentr\u00e9s de fruits et de v\u00e9g\u00e9taux, correcteur d&rsquo;acidit\u00e9: acide citrique, conservateur: anhydride sulfureux), past\u00e8ques...\" \/>\n<meta property=\"og:url\" content=\"https:\/\/sofraboutiques.fr\/lens\/produit\/tranche-cake-fruits-ker-cadelac\/\" \/>\n<meta property=\"og:site_name\" content=\"Sofra-Boutiques Lens\" \/>\n<meta property=\"article:modified_time\" content=\"2025-04-14T07:33:22+00:00\" \/>\n<meta name=\"twitter:card\" content=\"summary_large_image\" \/>\n<meta name=\"twitter:label1\" content=\"Dur\u00e9e de lecture estim\u00e9e\" \/>\n\t<meta name=\"twitter:data1\" content=\"1 minute\" \/>\n<script type=\"application\/ld+json\" class=\"yoast-schema-graph\">{\"@context\":\"https:\\\/\\\/schema.org\",\"@graph\":[{\"@type\":\"WebPage\",\"@id\":\"https:\\\/\\\/sofraboutiques.fr\\\/lens\\\/produit\\\/tranche-cake-fruits-ker-cadelac\\\/\",\"url\":\"https:\\\/\\\/sofraboutiques.fr\\\/lens\\\/produit\\\/tranche-cake-fruits-ker-cadelac\\\/\",\"name\":\"Tranche Cake Fruits Ker Cadelac - Sofra-Boutiques Lens\",\"isPartOf\":{\"@id\":\"https:\\\/\\\/sofraboutiques.fr\\\/lens\\\/#website\"},\"datePublished\":\"2025-04-14T07:33:18+00:00\",\"dateModified\":\"2025-04-14T07:33:22+00:00\",\"breadcrumb\":{\"@id\":\"https:\\\/\\\/sofraboutiques.fr\\\/lens\\\/produit\\\/tranche-cake-fruits-ker-cadelac\\\/#breadcrumb\"},\"inLanguage\":\"fr-FR\",\"potentialAction\":[{\"@type\":\"ReadAction\",\"target\":[\"https:\\\/\\\/sofraboutiques.fr\\\/lens\\\/produit\\\/tranche-cake-fruits-ker-cadelac\\\/\"]}]},{\"@type\":\"BreadcrumbList\",\"@id\":\"https:\\\/\\\/sofraboutiques.fr\\\/lens\\\/produit\\\/tranche-cake-fruits-ker-cadelac\\\/#breadcrumb\",\"itemListElement\":[{\"@type\":\"ListItem\",\"position\":1,\"name\":\"Accueil\",\"item\":\"https:\\\/\\\/sofraboutiques.fr\\\/lens\\\/\"},{\"@type\":\"ListItem\",\"position\":2,\"name\":\"Boutique\",\"item\":\"https:\\\/\\\/sofraboutiques.fr\\\/lens\\\/\"},{\"@type\":\"ListItem\",\"position\":3,\"name\":\"Tranche Cake Fruits Ker Cadelac\"}]},{\"@type\":\"WebSite\",\"@id\":\"https:\\\/\\\/sofraboutiques.fr\\\/lens\\\/#website\",\"url\":\"https:\\\/\\\/sofraboutiques.fr\\\/lens\\\/\",\"name\":\"Sofra-Boutiques Lens\",\"description\":\"\",\"publisher\":{\"@id\":\"https:\\\/\\\/sofraboutiques.fr\\\/lens\\\/#organization\"},\"potentialAction\":[{\"@type\":\"SearchAction\",\"target\":{\"@type\":\"EntryPoint\",\"urlTemplate\":\"https:\\\/\\\/sofraboutiques.fr\\\/lens\\\/?s={search_term_string}\"},\"query-input\":{\"@type\":\"PropertyValueSpecification\",\"valueRequired\":true,\"valueName\":\"search_term_string\"}}],\"inLanguage\":\"fr-FR\"},{\"@type\":\"Organization\",\"@id\":\"https:\\\/\\\/sofraboutiques.fr\\\/lens\\\/#organization\",\"name\":\"Sofra-Boutiques Lens\",\"url\":\"https:\\\/\\\/sofraboutiques.fr\\\/lens\\\/\",\"logo\":{\"@type\":\"ImageObject\",\"inLanguage\":\"fr-FR\",\"@id\":\"https:\\\/\\\/sofraboutiques.fr\\\/lens\\\/#\\\/schema\\\/logo\\\/image\\\/\",\"url\":\"https:\\\/\\\/sofraboutiques.fr\\\/lens\\\/wp-content\\\/uploads\\\/sites\\\/4\\\/2025\\\/04\\\/cropped-logo-sofraboutique.png\",\"contentUrl\":\"https:\\\/\\\/sofraboutiques.fr\\\/lens\\\/wp-content\\\/uploads\\\/sites\\\/4\\\/2025\\\/04\\\/cropped-logo-sofraboutique.png\",\"width\":2950,\"height\":1620,\"caption\":\"Sofra-Boutiques Lens\"},\"image\":{\"@id\":\"https:\\\/\\\/sofraboutiques.fr\\\/lens\\\/#\\\/schema\\\/logo\\\/image\\\/\"}}]}<\/script>\n<!-- \/ Yoast SEO plugin. -->","yoast_head_json":{"title":"Tranche Cake Fruits Ker Cadelac - Sofra-Boutiques Lens","robots":{"index":"index","follow":"follow","max-snippet":"max-snippet:-1","max-image-preview":"max-image-preview:large","max-video-preview":"max-video-preview:-1"},"canonical":"https:\/\/sofraboutiques.fr\/lens\/produit\/tranche-cake-fruits-ker-cadelac\/","og_locale":"fr_FR","og_type":"article","og_title":"Tranche Cake Fruits Ker Cadelac - Sofra-Boutiques Lens","og_description":"Nutri-Score : D Quantit\u00e9 : 60g Conditionnement : Sachet Marques : Ker Cadelac Ingr\u00e9dients : Fruits 26,6 % [raisins secs mac\u00e9r\u00e9s 11,1 % (raisins secs 8,3 %, rhum, infusion d&rsquo;\u00e9corces d&rsquo;orange), cerises confites 10,5 % (cerises, sirop de glucose-fructose, sucre, jus concentr\u00e9s de fruits et de v\u00e9g\u00e9taux, correcteur d&rsquo;acidit\u00e9: acide citrique, conservateur: anhydride sulfureux), past\u00e8ques...","og_url":"https:\/\/sofraboutiques.fr\/lens\/produit\/tranche-cake-fruits-ker-cadelac\/","og_site_name":"Sofra-Boutiques Lens","article_modified_time":"2025-04-14T07:33:22+00:00","twitter_card":"summary_large_image","twitter_misc":{"Dur\u00e9e de lecture estim\u00e9e":"1 minute"},"schema":{"@context":"https:\/\/schema.org","@graph":[{"@type":"WebPage","@id":"https:\/\/sofraboutiques.fr\/lens\/produit\/tranche-cake-fruits-ker-cadelac\/","url":"https:\/\/sofraboutiques.fr\/lens\/produit\/tranche-cake-fruits-ker-cadelac\/","name":"Tranche Cake Fruits Ker Cadelac - Sofra-Boutiques Lens","isPartOf":{"@id":"https:\/\/sofraboutiques.fr\/lens\/#website"},"datePublished":"2025-04-14T07:33:18+00:00","dateModified":"2025-04-14T07:33:22+00:00","breadcrumb":{"@id":"https:\/\/sofraboutiques.fr\/lens\/produit\/tranche-cake-fruits-ker-cadelac\/#breadcrumb"},"inLanguage":"fr-FR","potentialAction":[{"@type":"ReadAction","target":["https:\/\/sofraboutiques.fr\/lens\/produit\/tranche-cake-fruits-ker-cadelac\/"]}]},{"@type":"BreadcrumbList","@id":"https:\/\/sofraboutiques.fr\/lens\/produit\/tranche-cake-fruits-ker-cadelac\/#breadcrumb","itemListElement":[{"@type":"ListItem","position":1,"name":"Accueil","item":"https:\/\/sofraboutiques.fr\/lens\/"},{"@type":"ListItem","position":2,"name":"Boutique","item":"https:\/\/sofraboutiques.fr\/lens\/"},{"@type":"ListItem","position":3,"name":"Tranche Cake Fruits Ker Cadelac"}]},{"@type":"WebSite","@id":"https:\/\/sofraboutiques.fr\/lens\/#website","url":"https:\/\/sofraboutiques.fr\/lens\/","name":"Sofra-Boutiques Lens","description":"","publisher":{"@id":"https:\/\/sofraboutiques.fr\/lens\/#organization"},"potentialAction":[{"@type":"SearchAction","target":{"@type":"EntryPoint","urlTemplate":"https:\/\/sofraboutiques.fr\/lens\/?s={search_term_string}"},"query-input":{"@type":"PropertyValueSpecification","valueRequired":true,"valueName":"search_term_string"}}],"inLanguage":"fr-FR"},{"@type":"Organization","@id":"https:\/\/sofraboutiques.fr\/lens\/#organization","name":"Sofra-Boutiques Lens","url":"https:\/\/sofraboutiques.fr\/lens\/","logo":{"@type":"ImageObject","inLanguage":"fr-FR","@id":"https:\/\/sofraboutiques.fr\/lens\/#\/schema\/logo\/image\/","url":"https:\/\/sofraboutiques.fr\/lens\/wp-content\/uploads\/sites\/4\/2025\/04\/cropped-logo-sofraboutique.png","contentUrl":"https:\/\/sofraboutiques.fr\/lens\/wp-content\/uploads\/sites\/4\/2025\/04\/cropped-logo-sofraboutique.png","width":2950,"height":1620,"caption":"Sofra-Boutiques Lens"},"image":{"@id":"https:\/\/sofraboutiques.fr\/lens\/#\/schema\/logo\/image\/"}}]}},"_links":{"self":[{"href":"https:\/\/sofraboutiques.fr\/lens\/wp-json\/wp\/v2\/product\/362","targetHints":{"allow":["GET"]}}],"collection":[{"href":"https:\/\/sofraboutiques.fr\/lens\/wp-json\/wp\/v2\/product"}],"about":[{"href":"https:\/\/sofraboutiques.fr\/lens\/wp-json\/wp\/v2\/types\/product"}],"replies":[{"embeddable":true,"href":"https:\/\/sofraboutiques.fr\/lens\/wp-json\/wp\/v2\/comments?post=362"}],"wp:attachment":[{"href":"https:\/\/sofraboutiques.fr\/lens\/wp-json\/wp\/v2\/media?parent=362"}],"wp:term":[{"taxonomy":"product_brand","embeddable":true,"href":"https:\/\/sofraboutiques.fr\/lens\/wp-json\/wp\/v2\/product_brand?post=362"},{"taxonomy":"product_cat","embeddable":true,"href":"https:\/\/sofraboutiques.fr\/lens\/wp-json\/wp\/v2\/product_cat?post=362"},{"taxonomy":"product_tag","embeddable":true,"href":"https:\/\/sofraboutiques.fr\/lens\/wp-json\/wp\/v2\/product_tag?post=362"}],"curies":[{"name":"wp","href":"https:\/\/api.w.org\/{rel}","templated":true}]}}